 1/(l/215*5)?
43
Let k(a) = -49*a - 449. What are the prime factors of k(-28)?
13, 71
Suppose -u + 3*u + 2*i - 38 = 0, 3*i - 12 = 0. Suppose 0*b + b = u. Let n = b - -1. What are the prime factors of n?
2
Let t(v) = -4*v + 17. Suppose 4*l + 2*l = -30. What are the prime factors of t(l)?
37
Let w(r) = -6*r**3 - r**2 + 2*r + 2. Let m be w(-1). Suppose 0*n = -m*n + 60. What are the prime factors of n?
2, 3
Let q be (1 + -27)*(0 + -1). Let c = -352 + 354. Suppose c*y + 2*a - q = 0, 2*y + y + 2*a = 34. What are the prime factors of y?
2
Let t = 1654 - 993. List the prime factors of t.
661
Suppose -4*v + 7*i - 11*i = -13264, 0 = -i. What are the prime factors of v?
2, 829
Let g(b) = 21*b**3 - 4*b**2 - 4*b + 22. What are the prime factors of g(5)?
7, 19
Let q = 45 + -14. Suppose 4 = v - q. Suppose -w = -z + 19, 3*z + 2*w - 42 - v = 0. List the prime factors of z.
23
Suppose -17*k = -13*k - 184. List the prime factors of 18/54 + k/6.
2
Let g be (4 + 0 - 3)/((-1)/2). What are the prime factors of (-2 + -31)*(2 + (g - 1))?
3, 11
Let a = -133 - -262. List the prime factors of a.
3, 43
What are the prime factors of (261/12)/(7/868)?
3, 29, 31
Suppose -4*n + 2 + 6 = 0. Let j(o) = -n - 1 + 1 - 4*o - 2. What are the prime factors of j(-5)?
2
Let z(l) = -322*l - 20. List the prime factors of z(-4).
2, 317
Suppose 4*p - 32 = 5*x, 32 = 5*p - p + 2*x. Let i = p + -7. What are the prime factors of (52/1 + -3)*i?
7
Let k(y) = -y + 9. Let z(m) = -1. Let i(n) = -k(n) - 2*z(n). Let c be i(10). Suppose -104 = -c*v - 29. List the prime factors of v.
5
Let z = 0 + 2. Let g be z*(-1 + 6/4). Let n(u) = 20*u**2 + u. List the prime factors of n(g).
3, 7
Suppose -4*y = y + 2*z - 960, z = -4*y + 771. Let v(h) = -h + y - 194 + 9*h**2. List the prime factors of v(1).
2
Let v be (-8 - (-143)/26)*4/5. Let u(q) = q. Let m(f) = -2*f - 2. Let o(w) = 3*m(w) - 15*u(w). What are the prime factors of o(v)?
2, 3
Let s(o) = -o**2 - 7*o + 1. Let g be s(5). Let v = g + 131. List the prime factors of v.
2, 3
Suppose 4*t - 1508 = -o + 2061, -t + 884 = 3*o. Suppose 3*h = -284 + t. List the prime factors of h.
7, 29
Let i(d) = d + 9. Let v be i(4). Suppose -4*b + 3*b + 1 = 3*p, -2*b = -5*p - v. List the prime factors of 4 - (3 + 62/p).
3, 7
What are the prime factors of 8/3*(-10191)/(-172)?
2, 79
Let v(g) = g**2 + 10*g + 9. Let h be v(-6). Let a be (-1)/h*6*10. Suppose 0 = -a*m + 26 + 114. List the prime factors of m.
5, 7
Let f be 5/5*355 - 2/1. Suppose -127 = -8*y + f. List the prime factors of y.
2, 3, 5
Let p be -1 - (-3*4 - 1). Let c = 45 - p. Suppose -a - 2*n = -34, -3*a + n = -c - 76. What are the prime factors of a?
2, 3
Let h = 17 - 15. Suppose -4*o - 2*a = -80, -3*o = -0*o + h*a - 61. What are the prime factors of o?
19
Suppose 0 = 4*u - 20, -2*z + 65*u + 7483 = 62*u. What are the prime factors of z?
23, 163
Let k(u) = -2*u - 12. Let t be k(-2). Let z(n) = -19*n - 15. What are the prime factors of z(t)?
137
Suppose 3*g + 5*a = 76, 0 = 5*a - 2*a + 12. Let n = g + -13. Suppose -d + n + 13 = 0. List the prime factors of d.
2
Suppose -2*q + 4*q - 4*o = 4, 0 = 3*o - 3. Let b be ((-1860)/(-25))/(-3)*-5. Suppose 2*a + c = q*c + 52, 4*a + 4*c - b = 0. List the prime factors of a.
29
Let o be (3 - 2)*8*5/10. Suppose -o*t - 332 = -4*u, 2*t - 5*t = -5*u + 407. List the prime factors of u.
79
Suppose 5*l - 1 = 6*l. Let s be (-1)/2*(l + 5). List the prime factors of ((-6)/6)/(s/54).
3
Suppose -5*z + 39 = 3*j, -6*z = -5*z + 2*j - 12. Let n(y) = 3*y**2 + 2*y - 7. What are the prime factors of n(z)?
113
Let m be -70 - (-10)/(-25)*5. What are the prime factors of m/(-30)*(-310)/(-3)?
2, 31
Let n be 1 - 7/(14/(-6)). Suppose 23*i - 27*i = n. List the prime factors of (23/1)/(i/(-1)).
23
Let w be (-2)/(-16) - 765/40. Let z = w - -95. What are the prime factors of z?
2, 19
Suppose 3*o = n + 14, -5*n = -3*n - 8. Let g = -2 + o. Suppose -5*l - 2*y + g*y + 21 = 0, -5*y + 10 = 0. List the prime factors of l.
5
Suppose 20*j - 2*j = 11484. List the prime factors of j.
2, 11, 29
Suppose -4*d - 4*h + 268 = -9*h, 372 = 5*d + 3*h. Let s = 115 - d. What are the prime factors of s?
43
Suppose 2*k = q + 412, -2*k + 4*q + 259 = -141. What are the prime factors of k?
2, 13
Suppose -c + 984 = -5*p, 5*p + 1098 + 1804 = 3*c. List the prime factors of c.
7, 137
Let t(z) = -3*z - 1. Let f be t(1). Let v(w) = -w**3 - 3*w**2 - 4*w + 4. Let n be v(f). Suppose 3*d + 9 = n. What are the prime factors of d?
3
Suppose -382 = -2*p + p + 2*t, 0 = 2*p + t - 779. Let b = -275 + p. List the prime factors of b.
113
Suppose -23*k + 21*k = -76. Suppose -42*x + 332 = -k*x. List the prime factors of x.
83
Suppose 7*c - 150 = 39. Suppose -c*s = -23*s - 768. What are the prime factors of s?
2, 3
Let z(v) = v**2 + 8*v + 9. Let s be z(-6). Let c(u) = -10*u + 10. Let b(x) = 8*x - 8. Let f(q) = -4*b(q) - 3*c(q). List the prime factors of f(s).
2
List the prime factors of ((-5)/(-35))/((-20)/(-538860)).
3, 1283
Let n = 1843 - 243. List the prime factors of ((-15)/4)/((-60)/n).
2, 5
Suppose -3188 + 30644 = 32*r. List the prime factors of r.
2, 3, 11, 13
Let w = 924 + -324. What are the prime factors of w?
2, 3, 5
Let k(o) = -16*o + 18. Let m(b) = 15*b - 19. Let g(n) = -3*k(n) - 2*m(n). Let q be g(17). What are the prime factors of ((-3)/15)/((-2)/q)?
29
Let r be 40/(-60) - 2/(-3). Let g(w) be the first derivative of w**4/4 - w**3/3 + w**2/2 + 28*w + 3. List the prime factors of g(r).
2, 7
Let o = -644 - -1074. What are the prime factors of o?
2, 5, 43
Let z(r) = r**3 - 2*r**2 + 9*r + 4. Let s be z(3). What are the prime factors of ((-3)/(-4))/((-25)/s - -1)?
2
Suppose -4*h = -3*l + 39, l + 4*l = -5*h - 5. Let m be (24/20)/(h/(-20)). Suppose g = m*g - 30. What are the prime factors of g?
2, 5
List the prime factors of (4 - 5677/28)*-24.
2, 3, 5, 53
Let h = -34 - -225. Suppose 4*g = -q + h + 9, -4*q = 0. List the prime factors of g.
2, 5
Let z(g) = -g**3 - 15*g**2 - g - 1. Let b be z(-15). Suppose 0 = 5*f - b - 1. Suppose 4 = -3*d - 2, -3*o = f*d - 111. What are the prime factors of o?
3, 13
Suppose 0 = 2*v - 5*v + 1569. Suppose 10*j - v = 27. What are the prime factors of j?
5, 11
What are the prime factors of (-4016)/(-56)*(26 - 2 - 3)?
2, 3, 251
Let m(a) = 6*a**2 + a - 18. List the prime factors of m(7).
283
Let q be 16/(-6)*(-18)/24. Suppose 11 = 4*f - d - q*d, d = 3*f - 12. Suppose m - f = -0*m. What are the prime factors of m?
5
Suppose -22*c = -10*c - 35808. What are the prime factors of (-9)/(-21) - c/(-28)?
107
List the prime factors of 2*(29241/18 + -11).
7, 461
Let r = -1824 - -2669. What are the prime factors of r?
5, 13
Let q be ((-176)/(-10))/(2/10). Suppose 13*b + q = 17*b. What are the prime factors of b?
2, 11
Let n = 3701 + -2466. List the prime factors of n.
5, 13, 19
Suppose n + 12 = -4*l + 4, 0 = 3*n - 5*l - 10. Let c(s) = s**2 - s + 104. List the prime factors of c(n).
2, 13
Let b = -17 - -20. Suppose -4*s + 79 = -f, 0 = 3*s + 2*f + b*f - 88. List the prime factors of s.
3, 7
What are the prime factors of (-649627)/(-1679) + 2/23?
3, 43
Suppose i - 18*i = -6647. List the prime factors of i.
17, 23
Suppose 4*g - 5*i = 33 + 4, -5*g + 25 = -2*i. Let z be g/12 + (-30)/(-8). Suppose z*c - 82 = 5*s, -2*c + 4*s = -3 - 35. List the prime factors of c.
23
Let t be (-12)/(-42) + 200/(-14). Let n = -8 - t. Suppose 35 = n*o - o. What are the prime factors of o?
7
Let o(z) = z**3 - 4*z**2 + 7*z - 2. Let h = -1 - -6. List the prime factors of o(h).
2, 29
Let v be 32/6 + 1/(-3). Suppose -5*c + 4*o + 66 = 0, 2*o = -3*o + v. Suppose 7*n - 6*n = c. List the prime factors of n.
2, 7
Let j be (3 - 1)*2/4. Suppose 39 - j = h. What are the prime factors of h?
2, 19
Let o = -134 + 549. List the prime factors of o.
5, 83
Let p(f) be the first derivative of 9*f**2/2 - 24*f + 16. What are the prime factors of p(9)?
3, 19
Suppose 5*q = 5*z - 14530, 2*z - 13*q + 8*q - 5812 = 0. List the prime factors of z.
2, 1453
Suppose -675 = -6*k + 1221. List the prime factors of k.
2, 79
Let t(v) = -10*v + 3*v**2 + 9*v + 2*v**2. Let c be t(-1). Suppose -7*a + c*a + 8 = 0. List the prime factors of a.
2
Suppose 23*g = 28*g + 130. Let f = g + 57. What are the prime factors of f?
31
What are the prime factors of (-6)/10 - ((-18368)/10)/8?
229
Let b = 39 - 34. Suppose